he prime factors of 521.
521
What are the prime factors of 84549?
3, 28183
What are the prime factors of 25917?
3, 53, 163
What are the prime factors of 1139?
17, 67
What are the prime factors of 35672?
2, 7, 13
What are the prime factors of 2843?
2843
What are the prime factors of 14270?
2, 5, 1427
What are the prime factors of 921?
3, 307
What are the prime factors of 1277?
1277
List the prime factors of 1739.
37, 47
What are the prime factors of 24051?
3, 8017
What are the prime factors of 13527?
3, 167
What are the prime factors of 5306?
2, 7, 379
What are the prime factors of 2974?
2, 1487
List the prime factors of 2073.
3, 691
List the prime factors of 11100.
2, 3, 5, 37
List the prime factors of 56403.
3, 2089
List the prime factors of 32939.
32939
What are the prime factors of 43117?
43117
What are the prime factors of 81739?
7, 11677
List the prime factors of 110339.
110339
List the prime factors of 7720.
2, 5, 193
List the prime factors of 295.
5, 59
List the prime factors of 1428.
2, 3, 7, 17
List the prime factors of 58019.
13, 4463
List the prime factors of 852.
2, 3, 71
What are the prime factors of 1147?
31, 37
List the prime factors of 4636.
2, 19, 61
List the prime factors of 142900.
2, 5, 1429
What are the prime factors of 6052?
2, 17, 89
List the prime factors of 8043.
3, 7, 383
What are the prime factors of 4642?
2, 11, 211
What are the prime factors of 1287?
3, 11, 13
List the prime factors of 140442.
2, 3, 89, 263
What are the prime factors of 1625?
5, 13
What are the prime factors of 81674?
2, 97, 421
List the prime factors of 1523.
1523
List the prime factors of 17977.
17977
What are the prime factors of 3202?
2, 1601
List the prime factors of 787.
787
What are the prime factors of 23455?
5, 4691
What are the prime factors of 3487?
11, 317
What are the prime factors of 2987?
29, 103
List the prime factors of 1098.
2, 3, 61
List the prime factors of 260.
2, 5, 13
List the prime factors of 1539.
3, 19
What are the prime factors of 1447?
1447
What are the prime factors of 5981?
5981
List the prime factors of 2417.
2417
What are the prime factors of 4747?
47, 101
What are the prime factors of 13098?
2, 3, 37, 59
What are the prime factors of 14630?
2, 5, 7, 11, 19
List the prime factors of 46366.
2, 97, 239
What are the prime factors of 3334?
2, 1667
List the prime factors of 87380.
2, 5, 17, 257
What are the prime factors of 9645?
3, 5, 643
List the prime factors of 1688.
2, 211
List the prime factors of 1518.
2, 3, 11, 23
List the prime factors of 90540.
2, 3, 5, 503
What are the prime factors of 55386?
2, 3, 17, 181
What are the prime factors of 8724?
2, 3, 727
What are the prime factors of 4608?
2, 3
What are the prime factors of 11145?
3, 5, 743
What are the prime factors of 16897?
61, 277
List the prime factors of 6854.
2, 23, 149
What are the prime factors of 1510?
2, 5, 151
List the prime factors of 69.
3, 23
What are the prime factors of 7389?
3, 821
What are the prime factors of 25328?
2, 1583
List the prime factors of 17115.
3, 5, 7, 163
List the prime factors of 2851.
2851
List the prime factors of 2869.
19, 151
List the prime factors of 1499.
1499
List the prime factors of 663.
3, 13, 17
What are the prime factors of 2649?
3, 883
What are the prime factors of 259?
7, 37
What are the prime factors of 8136?
2, 3, 113
List the prime factors of 14682.
2, 3, 2447
What are the prime factors of 2403?
3, 89
What are the prime factors of 1878?
2, 3, 313
List the prime factors of 1545.
3, 5, 103
What are the prime factors of 12289?
12289
List the prime factors of 1447.
1447
What are the prime factors of 1155?
3, 5, 7, 11
List the prime factors of 6512.
2, 11, 37
List the prime factors of 1313.
13, 101
What are the prime factors of 1152?
2, 3
List the prime factors of 775.
5, 31
List the prime factors of 8830.
2, 5, 883
What are the prime factors of 164507?
7, 71, 331
List the prime factors of 45241.
7, 23, 281
What are the prime factors of 51913?
51913
What are the prime factors of 436?
2, 109
What are the prime factors of 16342?
2, 8171
What are the prime factors of 6280?
2, 5, 157
What are the prime factors of 40867?
40867
What are the prime factors of 2690?
2, 5, 269
List the prime factors of 55878.
2, 3, 67, 139
What are the prime factors of 2435?
5, 487
What are the prime factors of 608?
2, 19
List the prime factors of 5875.
5, 47
List the prime factors of 3492.
2, 3, 97
List the prime factors of 1919.
19, 101
List the prime factors of 27247.
11, 2477
List the prime factors of 202132.
2, 7, 7219
What are the prime factors of 28036?
2, 43, 163
What are the prime factors of 1567?
1567
What are the prime factors of 1583?
1583
What are the prime factors of 4090?
2, 5, 409
List the prime factors of 11153.
19, 587
List the prime factors of 1860.
2, 3, 5, 31
List the prime factors of 625.
5
List the prime factors of 77764.
2, 19441
List the prime factors of 1893.
3, 631
List the prime factors of 20609.
37, 557
List the prime factors of 1036.
2, 7, 37
What are the prime factors of 57888?
2, 3, 67
List the prime factors of 21270.
2, 3, 5, 709
What are the prime factors of 2460?
2, 3, 5, 41
List the prime factors of 49.
7
List the prime factors of 5142.
2, 3, 857
List the prime factors of 838.
2, 419
List the prime factors of 395.
5, 79
List the prime factors of 1593.
3, 59
List the prime factors of 4903.
4903
What are the prime factors of 13189?
11, 109
What are the prime factors of 7086?
2, 3, 1181
List the prime factors of 36662.
2, 23, 797
What are the prime factors of 3837?
3, 1279
What are the prime factors of 19813?
19813
What are the prime factors of 1928?
2, 241
List the prime factors of 1637.
1637
List the prime factors of 74.
2, 37
What are the prime factors of 163110?
2, 3, 5, 5437
List the prime factors of 5869.
5869
List the prime factors of 4354.
2, 7, 311
List the prime factors of 36852.
2, 3, 37, 83
What are the prime factors of 41990?
2, 5, 13, 17, 19
What are the prime factors of 37171?
37171
What are the prime factors of 12051?
3, 13, 103
List the prime factors of 3509.
11, 29
List the prime factors of 6011.
6011
What are the prime factors of 8647?
8647
What are the prime factors of 110179?
239, 461
List the prime factors of 428.
2, 107
List the prime factors of 1644.
2, 3, 137
List the prime factors of 13165.
5, 2633
List the prime factors of 112684.
2, 11, 13, 197
What are the prime factors of 1998?
2, 3, 37
What are the prime factors of 2827?
11, 257
List the prime factors of 9619.
9619
List the prime factors of 6341.
17, 373
What are the prime factors of 4822?
2, 2411
List the prime factors of 3321.
3, 41
List the prime factors of 8656.
2, 541
What are the prime factors of 8988?
2, 3, 7, 107
What are the prime factors of 1906?
2, 953
What are the prime factors of 45155?
5, 11, 821
List the prime factors of 23477.
17, 1381
What are the prime factors of 25770?
2, 3, 5, 859
List the prime factors of 659.
659
List the prime factors of 121.
11
What are the prime factors of 2736?
2, 3, 19
List the prime factors of 7846.
2, 3923
What are the prime factors of 14200?
2, 5, 71
List the prime factors of 2724.
2, 3, 227
List the prime factors of 338.
2, 13
What are the prime factors of 1010?
2, 5, 101
List the prime factors of 17883.
3, 1987
What are the prime factors of 41874?
2, 3, 7, 997
What are the prime factors of 32476?
2, 23, 353
What are the prime factors of 75137?
227, 331
List the prime factors of 3359.
3359
List the prime factors of 833.
7, 17
What are the prime factors of 62003?
62003
What are the prime factors of 90888?
2, 3, 7, 541
What are the prime factors of 42441?
3, 7, 43, 47
What are the prime factors of 85360?
2, 5, 11, 97
What are the prime factors of 4286?
2, 2143
List the prime factors of 3516.
2, 3, 293
List the prime factors of 4569.
3, 1523
What are the prime factors of 118518?
2, 3, 19753
What are the prime factors of 62545?
5, 7, 1787
What are the prime factors of 1772?
2, 443
List the prime factors of 2232.
2, 3, 31
What are the prime factors of 777?
3, 7, 37
What are the prime factors of 28011?
3, 9337
List the prime factors of 4617.
3, 19
What are the prime factors of 16460?
2, 5, 823
What are the prime factors of 643?
643
List the prime factors of 1812.
2, 3, 151
List the pri